is the tens digit of g?
3
Suppose -n + 23399 = 2*g, 4*g = 16*n - 19*n + 46795. What is the tens digit of g?
0
Let o be 159/((-2)/24*(-14)/7). Suppose 12*y - 546 = o. What is the tens digit of y?
2
Suppose -4*l + 725 = 793. Let s(x) = -50*x + 111. What is the hundreds digit of s(l)?
9
Let f(o) = -19 - 19*o - 23 + 8*o**2 - 28*o**2 + o**3. Let t be f(21). Suppose -23*a + 19*a + 484 = t. What is the hundreds digit of a?
1
Let p = -146 - -139. What is the tens digit of (35/(-10))/p + 879/6?
4
Let s be (3490/5)/(1*2) - 3. Suppose 4*h - 3*q - 68 - 618 = 0, -2*h + 3*q = -s. What is the units digit of h?
0
Let n = -139 + 5811. What is the tens digit of n?
7
Let k = 59836 + -29766. What is the thousands digit of k?
0
Let w = -1182 - -683. Let j = -302 - w. What is the units digit of j?
7
Let g(n) = n**3 + 57*n**2 + 14*n + 243. What is the tens digit of g(-54)?
3
Let n = -144 + 146. Suppose n*c + 4*o = 1730, 732 = -2*c + o + 2462. What is the units digit of c?
5
Suppose 4*b - 141 = -3*t, 2*b - 96 = -b + t. Let v = b - 31. Suppose -4*c + 624 + 166 = 5*q, -2*c - 298 = -v*q. What is the tens digit of q?
5
Let m(i) = -i**3 - 17*i**2 - 66*i + 5. Let f be m(-11). Suppose 10*q + 5*n + 181 = 13*q, 5*q - 305 = f*n. What is the units digit of q?
2
Let j be (4/2 - -13)*(-54)/(-90). Let l be (-3*(-4)/j)/(4/6). Suppose 3*x - 181 = -12*s + 10*s, -5*s + 447 = l*x. What is the units digit of s?
9
Suppose -17*c = -2*c - 6030. What is the hundreds digit of (6 - c/(-9))*42/4?
5
Let k(a) = 438*a**2 + 587*a - 17. What is the tens digit of k(-6)?
2
Let k = -742 - -415. Let q = 555 + k. What is the tens digit of q?
2
Let c(t) = 4*t**2 + 4*t - 14. Let z be c(2). What is the hundreds digit of z/(-10)*2 + (-1 - -378)?
3
Let j = -18603 + 54862. What is the ten thousands digit of j?
3
Let y(m) = 7*m**2 - 33*m + 2637. What is the tens digit of y(64)?
9
Suppose 4 - 1 = -3*v, u + 5 = 2*v. Let k(b) = -b**3 - 11*b**2 - 12*b + 8. Let i be k(u). What is the tens digit of i/(-16)*12*(-2 - -3)?
7
Suppose -40 = -12*y + 152. Suppose -y*w = -29*w + 8944. What is the hundreds digit of w?
6
Let d(a) = -a**3 + 12*a**2 + 5*a + 16. Let y be d(10). Suppose 0 = n - 822 - y. Suppose 3*l + 5*l - n = 0. What is the hundreds digit of l?
1
Let y = -12337 + 17941. What is the thousands digit of y?
5
Let c(t) = 61*t**2 - 29*t - 908. What is the tens digit of c(-19)?
6
What is the ten thousands digit of ((-12)/(600/109435) - (-2)/10)*-6?
1
Let v be 1/(6*(-1)/1 - -7). Let l(b) = 83*b**2 + b + 2*b - 2*b - 3. What is the tens digit of l(v)?
8
Let l = 283 + -94. Suppose -5*h - 5*u = -1190, -u = -2*h + 299 + l. What is the tens digit of h?
4
Let d be (-1343)/17 - 3/((-3)/(-4)). Let r = 85 + d. Suppose 19 = 2*g - g + 3*p, -r*p = 5*g - 147. What is the tens digit of g?
3
Let n be ((-1)/(-3))/((-2)/6). Let k be 1*(-1 + n) - -18. What is the units digit of ((-172)/k)/((-3)/12)?
3
Let g be (-2)/((4 - -3) + -5). What is the tens digit of 8 + -10 + (-804)/g?
0
Suppose -3*c = 3*p - 4305, -p + 7159 = 6*c - c. Let w = -531 + c. What is the tens digit of w?
0
Suppose 0 = -5*z + 10, -2*a + 5*a = -3*z + 15. Suppose 4*q - p = a*q + 272, 0 = -q - 4*p + 272. What is the tens digit of q?
7
Let w(a) = 3*a**2 + 7*a - 1. Let z(q) = -q**3 + 3*q**2 + q. Let h(f) = -w(f) + z(f). What is the hundreds digit of h(-7)?
3
Let j be ((-35)/(-28))/(-1*(-2)/48). Let t = 26 - j. What is the units digit of (3 + t - -5) + 53?
7
Let o = -24823 - -26933. What is the hundreds digit of o?
1
Suppose -3*w + 1 = 4. Let s(d) = -64*d - 418. Let n be s(-3). What is the units digit of n*w*(-1)/(-2)?
3
Let d(p) = 3*p**3 - 10*p**2 + 17*p + 8. Let n be d(4). What is the hundreds digit of (-1 + -1064)*(-36)/n?
3
Suppose 465667 = 42*b - 151271. What is the tens digit of b?
8
What is the hundreds digit of 3209600/(-280)*((-5)/1 + 2/(-1))?
2
Let b(j) = -9*j - 5. Let i be b(6). Let l(c) = c**2 + 30*c + 117. Let w be l(-16). Let u = i - w. What is the tens digit of u?
4
Suppose 0 = 4*g, 128 = -0*c + c - 4*g. Suppose m = -2*k + 460, -2*m + c + 800 = 2*k. What is the hundreds digit of m?
4
Let h = -16258 + 23448. What is the tens digit of h?
9
Let z be (-27)/81 - 2942/(-6). Suppose -3*m + 176 = f - z, 5*f + 2*m - 3317 = 0. What is the hundreds digit of f?
6
Suppose 2*n = -5*y + 21, n = y + 2*n - 3. Suppose -y*j = -6*j + 12. What is the units digit of 2/8*1 - (-45)/j?
4
Let r(y) = 0*y**2 + 5*y**2 + 45 - 21 - 26. Let n be r(-1). Suppose 0 = 4*h - 3*i - 133, -n*i - 45 = -3*h + 54. What is the tens digit of h?
3
Suppose -44*k = -48*k - 4*t + 40360, 5*t - 20183 = -2*k. What is the tens digit of k?
8
Let d(c) = -7*c - c**3 + 8 + 7*c**2 + 3*c - 14. Let z be d(6). Suppose -z*b + 3*q + 256 = -2*b, q = 2*b - 128. What is the tens digit of b?
6
Suppose 31*m + 14768 = 57*m. Suppose 6*l - 10*l = -m. What is the hundreds digit of l?
1
Let v = 86363 + -44347. What is the units digit of v?
6
Suppose -7*t + 3895 = -26*t. Let c = -146 - t. What is the units digit of c?
9
Suppose -4*c - 2*g + 107470 = 0, 23805 = 3*c + 3*g - 56793. What is the hundreds digit of c?
8
Let b be -1 - -57 - 38/(-19). Suppose 12 = -55*g + b*g. Suppose g*v - 414 = v. What is the tens digit of v?
3
Suppose 2*d - 3*z = -11 - 1, -z + 4 = -4*d. Let y be -2*29/2 - d. Let f = 125 + y. What is the units digit of f?
6
Let l(x) = 4*x**3 + 5*x**2 + 6*x + 3. Let v be l(-2). What is the units digit of 14/v*2718/(-4)?
3
Let w be (10/30)/(3/15597). Let g = -944 + w. What is the tens digit of g?
8
Let f(s) = 17*s**2 + 19*s + 94. Let m(i) = i - 25. Let x be m(17). What is the tens digit of f(x)?
3
Suppose -4*m = 3*j - 4701, -5*m - 2*j - 3530 = -8*m. What is the units digit of m?
6
Let t = 7313 - -5462. What is the hundreds digit of t?
7
Suppose -g + h - 60 = -4*g, 4*g + h - 81 = 0. Let a be (-11 + -171)*g/(-6). Suppose a + 365 = 6*k. What is the hundreds digit of k?
1
Let a be 5*(-1)/(1/25). Let z = -4904 - -5182. Let s = a + z. What is the units digit of s?
3
Let r(v) = v**3 + 13*v**2 + 6*v + 9. Suppose -t = c - 60, -3*c = -0*c - 6. Let z = 46 - t. What is the units digit of r(z)?
1
Let d = 3 + -4. Let i(t) = -21*t**2 + 2*t + 2. Let h be i(d). What is the tens digit of (4/(28/h))/(3/(-56))?
5
Let l = 7614 - 4608. Suppose -l = -5*r - 716. What is the tens digit of r?
5
Suppose 3*o = 2*y + 22489, 10070 = 3*o - 3*y - 12424. What is the hundreds digit of o?
4
Let k be ((-28)/(-35))/(-1 - 3/(-5)). Let r(m) = -24*m**3 - 3*m**2 - 2*m - 4. What is the hundreds digit of r(k)?
1
Let a(f) = -f**2 + 34*f - 14. Let j be (226/10 - 3) + 6/(-10). What is the units digit of a(j)?
1
Suppose 38*l - 6547 = 367069. What is the units digit of l?
2
Let j be ((-6)/4)/((-2)/228). Let d be (-10)/((-4 - -39)/7 - 3). What is the hundreds digit of ((-5)/d + j)*1?
1
Suppose -4*m = -k + 1808, 2*m + 8 = 2. Let d = k - 380. What is the units digit of d?
6
What is the ten thousands digit of (2*(-1)/(-7))/((-103)/(-8759429))?
2
Let i(h) = -4 - 5*h - 4*h - h. Suppose 5*y = -2*w - 23, 11*w - 2*y + 2 = 9*w. What is the units digit of i(w)?
6
Let z be (8/10)/((-12)/(-30)). Suppose 5*t = -v + 1245, 5*t - z*v - 1270 = 2*v. What is the tens digit of t?
5
Suppose 5*w - 3*y - 22471 = 0, 5*y + 8996 = 44*w - 42*w. What is the tens digit of w?
9
Let a be 2/13 + -5 + (-1088)/(-26). Let z = -37 + a. Suppose z = -i + r + 4*r + 4, 0 = 5*r - 5. What is the units digit of i?
9
Let t be 1106 - (7 - 7/1). Suppose 0 = -6*m + t + 4444. What is the tens digit of m?
2
Let h(d) = -106*d + 1588. What is the hundreds digit of h(-46)?
4
Let p = 13949 - 11069. What is the hundreds digit of p?
8
Suppose -6*k = 2*v - 11*k - 50454, 5*v + 4*k - 126069 = 0. What is the tens digit of v?
1
Suppose 482*r - 1922211 = 311*r. What is the units digit of r?
1
Let f(s) be the first derivative of -11*s**2/2 - 69*s + 32. What is the units digit of f(-15)?
6
What is the tens digit of (2952 - 14) + 1 + -1*(1 - -1)?
3
Suppose 0 = 4*v - 2*t - 4768, -9*v - 4*t = -4*v - 5960. Suppose -4*p - 1139 = 2*m - 3553, v = m + 5*p. What is the hundreds digit of m?
2
Suppose 7*h + 25 = 2*h - c, 3*c - 5 = h. Let v(i) = 16*i**2 - 2*i + 13. What is the units digit of v(h)?
3
Let g = 6399 + -5951. Suppose 5*w - 257 = -1487. Let c = w + g. What is the hundreds digit of c?
2
Suppose -4*v - 40*v + 359713 + 122615 = 0. What 